 are the prime factors of 847603?
17, 73, 683
List the prime factors of 14933.
109, 137
What are the prime factors of 1025582?
2, 19, 137, 197
What are the prime factors of 74733?
3, 29, 859
List the prime factors of 5596979.
67, 83537
List the prime factors of 2915206.
2, 7, 151, 197
What are the prime factors of 5668764?
2, 3, 19, 23, 47
What are the prime factors of 4997869?
103, 48523
What are the prime factors of 21737567?
443, 49069
List the prime factors of 7109186.
2, 7, 227, 2237
List the prime factors of 18284.
2, 7, 653
What are the prime factors of 7960401?
3, 884489
List the prime factors of 951606.
2, 3, 29, 1823
List the prime factors of 634181.
634181
What are the prime factors of 7328414?
2, 19, 192853
List the prime factors of 1085773.
13, 17
What are the prime factors of 1820033?
1820033
List the prime factors of 239931.
3, 53, 503
What are the prime factors of 6521725?
5, 7, 83, 449
What are the prime factors of 12970099?
17, 227, 3361
What are the prime factors of 289251?
3, 3571
What are the prime factors of 87208?
2, 11, 991
What are the prime factors of 1737374?
2, 23, 179, 211
List the prime factors of 399195.
3, 5, 2957
What are the prime factors of 44859?
3, 19, 787
What are the prime factors of 2795780?
2, 5, 13, 10753
What are the prime factors of 178330?
2, 5, 17, 1049
List the prime factors of 26321932.
2, 7, 13, 72313
What are the prime factors of 2857254?
2, 3, 29, 16421
List the prime factors of 1685696.
2, 26339
List the prime factors of 8143094.
2, 191, 21317
List the prime factors of 3798077.
3798077
List the prime factors of 27000262.
2, 13500131
List the prime factors of 26852955.
3, 5, 1039, 1723
List the prime factors of 842608.
2, 13, 4051
List the prime factors of 133355.
5, 149, 179
What are the prime factors of 628328?
2, 78541
List the prime factors of 2856589.
139, 20551
List the prime factors of 7996658.
2, 151, 26479
List the prime factors of 100043.
100043
What are the prime factors of 2506712?
2, 13, 24103
List the prime factors of 304715.
5, 60943
List the prime factors of 928941.
3, 13, 23819
List the prime factors of 2115544.
2, 264443
What are the prime factors of 3583428?
2, 3, 67, 4457
What are the prime factors of 340606?
2, 7, 24329
What are the prime factors of 43783434?
2, 3, 241, 10093
List the prime factors of 684395.
5, 136879
What are the prime factors of 10291849?
431, 23879
List the prime factors of 5490928.
2, 23, 43, 347
What are the prime factors of 1792359?
3, 199151
List the prime factors of 223536.
2, 3, 4657
List the prime factors of 2161945.
5, 432389
What are the prime factors of 1806666?
2, 3, 71, 4241
List the prime factors of 20187.
3, 2243
List the prime factors of 561398.
2, 280699
What are the prime factors of 1441767?
3, 113, 4253
What are the prime factors of 2820482?
2, 7, 29, 6947
List the prime factors of 1285183.
17, 4447
What are the prime factors of 75078?
2, 3, 43, 97
List the prime factors of 16150702.
2, 853, 9467
What are the prime factors of 1099505?
5, 11, 19991
What are the prime factors of 594088?
2, 11, 43, 157
What are the prime factors of 749219?
749219
List the prime factors of 126151.
126151
What are the prime factors of 7108932?
2, 3, 23, 43, 599
What are the prime factors of 8949955?
5, 7, 255713
List the prime factors of 28354903.
41, 691583
What are the prime factors of 13383?
3, 1487
List the prime factors of 10787622.
2, 3, 17, 105761
What are the prime factors of 301321?
19, 15859
List the prime factors of 16635473.
29, 573637
List the prime factors of 48818.
2, 7, 11, 317
What are the prime factors of 8701145?
5, 19, 91591
What are the prime factors of 25994?
2, 41, 317
List the prime factors of 8060318.
2, 7, 29, 19853
List the prime factors of 83188.
2, 7, 2971
List the prime factors of 27195106.
2, 59, 230467
What are the prime factors of 65919?
3, 7, 43, 73
List the prime factors of 1223583.
3, 407861
List the prime factors of 317430.
2, 3, 5, 3527
List the prime factors of 219544.
2, 13, 2111
List the prime factors of 7169554.
2, 7, 29, 17659
List the prime factors of 629616.
2, 3, 13, 1009
List the prime factors of 6435115.
5, 347, 3709
What are the prime factors of 113485?
5, 22697
List the prime factors of 1094377.
1094377
What are the prime factors of 746954?
2, 13, 28729
List the prime factors of 439602.
2, 3, 41, 1787
What are the prime factors of 1712510?
2, 5, 171251
List the prime factors of 8419430.
2, 5, 227, 3709
What are the prime factors of 424655?
5, 7, 11, 1103
What are the prime factors of 178182?
2, 3, 19, 521
List the prime factors of 1595680.
2, 5, 9973
List the prime factors of 7045512.
2, 3, 163, 1801
What are the prime factors of 2392401?
3, 11, 72497
What are the prime factors of 22202132?
2, 877, 6329
What are the prime factors of 8041812?
2, 3, 23, 29137
What are the prime factors of 932037?
3, 67, 4637
What are the prime factors of 820340?
2, 5, 41017
List the prime factors of 300428.
2, 19, 59, 67
What are the prime factors of 2500056?
2, 3, 13, 2671
List the prime factors of 131866.
2, 7, 9419
List the prime factors of 479320.
2, 5, 23, 521
List the prime factors of 8654765.
5, 7, 247279
What are the prime factors of 708501?
3, 236167
What are the prime factors of 24338921?
811, 30011
List the prime factors of 3361371.
3, 13, 79, 1091
What are the prime factors of 344469?
3, 199, 577
What are the prime factors of 1585627?
263, 6029
What are the prime factors of 425817?
3, 7, 751
What are the prime factors of 129193?
129193
What are the prime factors of 387194?
2, 193597
List the prime factors of 679209.
3, 29, 37, 211
List the prime factors of 86092.
2, 21523
List the prime factors of 233799.
3, 77933
List the prime factors of 1641561.
3, 131, 4177
List the prime factors of 3464275.
5, 138571
List the prime factors of 7015838.
2, 41, 67, 1277
List the prime factors of 1560027.
3, 7, 74287
List the prime factors of 3538684.
2, 443, 1997
What are the prime factors of 315675?
3, 5, 23, 61
List the prime factors of 10050603.
3, 31, 67, 1613
List the prime factors of 2026989.
3, 225221
List the prime factors of 854002.
2, 427001
What are the prime factors of 124544?
2, 7, 139
What are the prime factors of 391336?
2, 11, 4447
What are the prime factors of 4134779?
11, 23, 59, 277
List the prime factors of 2252379.
3, 677, 1109
What are the prime factors of 441527?
441527
List the prime factors of 3847514.
2, 11, 47, 61
List the prime factors of 252324.
2, 3, 43, 163
What are the prime factors of 1914089?
71, 26959
List the prime factors of 873451.
29, 30119
List the prime factors of 432404.
2, 7, 15443
What are the prime factors of 24949?
61, 409
What are the prime factors of 18531?
3, 29, 71
What are the prime factors of 111399?
3, 71, 523
List the prime factors of 8402495.
5, 71, 23669
List the prime factors of 790069.
7, 59, 1913
List the prime factors of 21866231.
43, 508517
List the prime factors of 6229917.
3, 157, 4409
List the prime factors of 16559.
29, 571
List the prime factors of 267718.
2, 11, 43, 283
List the prime factors of 1111113.
3, 123457
List the prime factors of 2740682.
2, 7, 163, 1201
List the prime factors of 2961889.
7, 423127
List the prime factors of 6993888.
2, 3, 11, 37, 179
List the prime factors of 7615114.
2, 13, 173, 1693
What are the prime factors of 276620?
2, 5, 13831
List the prime factors of 2067856.
2, 7, 37, 499
List the prime factors of 341433.
3, 59, 643
What are the prime factors of 1381940?
2, 5, 7, 9871
What are the prime factors of 243947?
11, 67, 331
List the prime factors of 21995.
5, 53, 83
List the prime factors of 2057199.
3, 685733
What are the prime factors of 262274?
2, 71, 1847
List the prime factors of 986284.
2, 13, 1459
What are the prime factors of 1620697?
13, 124669
What are the prime factors of 728349?
3, 107, 2269
List the prime factors of 295401.
3, 98467
List the prime factors of 14764785.
3, 5, 7, 140617
What are the prime factors of 22213?
97, 229
List the prime factors of 5201922.
2, 3, 11, 269, 293
What are the prime factors of 591461?
13, 45497
What are the prime factors of 790884?
2, 3, 2441
List the prime factors of 3224012.
2, 11, 47, 1559
What are the prime factors of 94600?
2, 5, 11, 43
What are the prime factors of 88770?
2, 3